ded by a?
23
Suppose -5*k - 75 = -2*d - 4*k, -3*d + 5*k = -102. What is the remainder when d is divided by 20?
19
Suppose 0 = -3*y + f + 54, 3*y = 2*f + 27 + 27. Let s = 19 - 9. Calculate the remainder when y is divided by s.
8
Let v(x) be the second derivative of 2*x + 7*x**2 + 1/12*x**4 + 2*x**3 + 0. What is the remainder when v(-12) is divided by 8?
6
Suppose -21*o + 20*o + 13 = 0. Calculate the remainder when o is divided by 8.
5
Let d be ((-54)/45)/(3/(-10)). Calculate the remainder when 77 is divided by 6/(-12) - (-82)/d.
17
Let c(b) = -b**3 + 6*b**2 - 4*b + 1. Let u be c(5). Let n(j) = j**2 + 10*j + 5. What is the remainder when u/10 + (-134)/(-10) is divided by n(-10)?
4
Let h(z) = -1 + 0 - 1 + 12*z. Let t be 3*1*(-1 + 2). Calculate the remainder when h(t) is divided by 12.
10
Let p(a) be the second derivative of a**3/6 - 9*a**2/2 + a. What is the remainder when 23 is divided by p(15)?
5
Suppose 0*q - 5*q = 0. Suppose -3*i + 2*i - 4 = q. Calculate the remainder when 13 is divided by ((-8)/(-12))/(i/(-42)).
6
Let k = 12 - 24. Let l = 30 + k. What is the remainder when l is divided by (-2)/7 + 37/7?
3
Let r be 4/10 + 935/(-25). Let p = r - -56. What is the remainder when p is divided by 7?
5
Let g be -2*((-9)/6 - 0). Suppose -r + g = -19. Suppose r = 5*u - 13. Calculate the remainder when u is divided by 3.
1
Suppose -4*j = -9*j + 245. What is the remainder when j is divided by 18?
13
Let i = 47 - 10. Calculate the remainder when i is divided by 13.
11
Suppose -r = 3*a - 13, 5*a - 2 - 17 = -3*r. Let n be (4/2 - 4)*5. Let v = r - n. Calculate the remainder when 14 is divided by v.
6
Calculate the remainder when (0 - -1)*4/((-8)/(-46)) is divided by 4.
3
Let r = 148 - 91. Calculate the remainder when r is divided by 15.
12
Let f(k) = k**2 + 3. Let o be f(-3). Let i = o - -3. What is the remainder when 43 is divided by i?
13
Suppose -196 = -2*m + m. Suppose 5*i - m = -41. Suppose 0*f = 5*f - 80. What is the remainder when i is divided by f?
15
Suppose -14 = -x + 4*h, -x - 8*h + 9*h = -14. Suppose -t + 276 = 4*t + 2*l, 0 = 3*t - l - 159. What is the remainder when t is divided by x?
12
Let m(i) = i**3 - 11*i**2 + 11*i - 8. Let d be m(10). Let q(a) = a**3 + a**2 - a + 2. Calculate the remainder when 46 is divided by q(d).
10
Suppose 5*z = -3*b + 2*b - 27, z - 1 = 3*b. What is the remainder when 46 is divided by ((-3)/6)/(b/64)?
14
Suppose -y - 3*y + 100 = 4*c, -c + 1 = -5*y. Suppose 35 = 5*n - 5*k, -7*n - k + 65 = -2*n. Calculate the remainder when c is divided by n.
9
Let o be 23 - (-1)/3*-3. Suppose -4 = 3*u - o. Calculate the remainder when 9 is divided by u.
3
Let c = 80 - 47. What is the remainder when c is divided by 7?
5
Let c(f) = 2*f + 29. What is the remainder when 5 is divided by c(-13)?
2
Let l(f) be the first derivative of -f**2/2 + 6*f - 3. Let k be l(-6). Suppose 5*s - s = k. Calculate the remainder when s is divided by 3.
0
Let x = -38 + 54. Calculate the remainder when x is divided by 9.
7
Let c = 0 - -2. Calculate the remainder when 3 is divided by c.
1
Let d be 6/4*(14 - 6). What is the remainder when (-3)/d - (-381)/4 is divided by 24?
23
Let h(p) = p**3 - 4*p**2 + 2*p - 6. Let j be h(4). Suppose 4*o = j*r + 64, -4*o - 18 = 5*r - 82. Calculate the remainder when 47 is divided by o.
15
Let j(g) = -4*g + 4. Calculate the remainder when 76 is divided by j(-4).
16
Suppose 3*x + 116 = -w, 5*w - 4*x = -0*w - 637. What is the remainder when 58 is divided by (4/5)/((-5)/w)?
18
Suppose -9*a + 11*a = 10. Suppose 0 = -u + a. Calculate the remainder when u is divided by ((-3)/(-2))/(2/4).
2
Let h = 43 - 42. What is the remainder when 3 is divided by h?
0
Suppose 2*x = 5 + 5. Let m be (-21)/(-5) - 1/x. Let l(a) = 3*a + 2. Calculate the remainder when 41 is divided by l(m).
13
Suppose -4*u + 4*s = -5*u + 13, s = 0. Calculate the remainder when u is divided by 2.
1
Suppose -25 - 4 = -n. Suppose x - 4*x + 21 = 0. Let o = 15 - x. What is the remainder when n is divided by o?
5
Suppose -3*l + 10 = 2*y, 3*y = -4*l - 1 + 16. Suppose 125 = -14*a + 153. Calculate the remainder when y is divided by a.
1
Let o(s) = -s**3 + s**2 + 4*s - 1. Let m be o(3). Let k = m + 9. Suppose n = 3, k*j - 2*n + 5*n - 91 = 0. Calculate the remainder when j is divided by 11.
8
Let s(u) = 14*u - 32. What is the remainder when s(9) is divided by 16?
14
Let o(c) = 3*c + 6. What is the remainder when 40 is divided by o(5)?
19
Calculate the remainder when 41 is divided by 232/10 - 19/95.
18
Let l = -15 - -21. Calculate the remainder when l is divided by 3.
0
Let t = -88 - -102. Calculate the remainder when 138 is divided by t.
12
Let g = -16 - -23. What is the remainder when g is divided by 4?
3
Let q(x) = x**3 - 7*x**2 - 8*x + 11. What is the remainder when 31 is divided by q(8)?
9
Let z = -37 + 50. Calculate the remainder when 38 is divided by z.
12
Suppose -70 = -a + 2*a. Let c = 100 + a. Calculate the remainder when c is divided by 11.
8
Let a = 20 + 40. Let t = -24 + 45. Calculate the remainder when a is divided by t.
18
Suppose d = -d + 2. Suppose f + 25 = 2*f. Calculate the remainder when f is divided by 3*5 + (-1 - d).
12
Suppose 0 = -5*q + 10. Calculate the remainder when ((-1)/1 - -43) + 1 is divided by 3 + 15 + -1 - q.
13
Suppose q - 5*q + 4*l = -52, q - 4*l - 4 = 0. What is the remainder when 77 is divided by q?
13
Suppose -50 = -3*k + 2*u, 0 = -0*k - 2*k - 5*u + 46. What is the remainder when k is divided by 11?
7
Suppose 0*d = -3*d + 18. Calculate the remainder when d is divided by 3.
0
Let q = 1 + -6. Let s(m) = -7*m + 5. Let c be s(q). Suppose 5*b - b - c = 0. What is the remainder when 29 is divided by b?
9
Let p = -3 - -15. What is the remainder when p is divided by 7?
5
Let x(d) = -3*d - 22. Calculate the remainder when 22 is divided by x(-10).
6
Let o(c) = 9*c**2 + 19*c - 34. Let h(m) = -5*m**2 - 10*m + 17. Let y(i) = 7*h(i) + 4*o(i). Calculate the remainder when y(-12) is divided by 14.
13
Suppose 5*w = 9 + 16. Calculate the remainder when 8 is divided by 8/w*(-5)/(-2).
0
Suppose -2*z - 28 = -5*i + 33, 3*z + 53 = 4*i. Calculate the remainder when 74 is divided by i.
8
Suppose 4*b + 16 = 0, 46 = 4*m + m - 4*b. What is the remainder when 8 is divided by m?
2
Let d(s) be the third derivative of -s**4/4 + s**3/3 + 2*s**2. Calculate the remainder when 54 is divided by d(-2).
12
Let l be (-1)/4 - 194/(-8). Let u = l - -1. Suppose -u = 3*o - 79. What is the remainder when 53 is divided by o?
17
Let b = -4 - -6. Suppose -b*f - 6 = -22. Let q = 1 - -22. Calculate the remainder when q is divided by f.
7
Suppose 53*h - 140 = 49*h. What is the remainder when h is divided by 19?
16
Let b(m) = -m**2 - 6*m - 4. Suppose -2 + 24 = 2*w. What is the remainder when w is divided by b(-4)?
3
Suppose 7*g - 3*g = 8. Let l = -25 + 55. Suppose -h = g*h - l. Calculate the remainder when 28 is divided by h.
8
Suppose 10 + 82 = 4*h + 2*g, 0 = 4*h + 3*g - 92. Suppose 0 = -5*f + 3*t + 49, 0*t - 3 = t. What is the remainder when h is divided by f?
7
Let j be 4*((-3)/6 + 0). What is the remainder when 35 is divided by 3 - (-9 - (-2 - j))?
11
Let p(o) be the second derivative of o**4/12 - o**3/6 - 7*o**2/2 + 3*o. What is the remainder when p(6) is divided by 6?
5
Let y = 21 - 15. Let i(g) = -g**2 + 8*g - 1. What is the remainder when i(y) is divided by 3?
2
Let s(w) = -w**3 + 7*w**2 - 4*w + 4. Let o = -14 - -19. Let f = -10 - -22. Calculate the remainder when s(o) is divided by f.
10
Let v = -14 - -2. Let c(q) = q**2 + 1. What is the remainder when c(0) is divided by (-2)/6 + (-16)/v?
0
Let t(m) = m**3 + 11*m**2 + 10*m + 2. Suppose -v - 17 = -5*q - 6, 4*q + 5*v - 3 = 0. What is the remainder when t(-10) is divided by q?
0
Suppose -133 = -7*m - 28. Suppose 4*j = 3*j + 2. Suppose -2*r + j*p + 60 = 6*p, -3*p + 87 = 3*r. Calculate the remainder when r is divided by m.
13
Let a(y) = y**3 - 5*y**2 + 4*y + 2. Let o be a(4). Let f = o - -2. What is the remainder when 7 is divided by f?
3
Let x be 4 - (1 - 9/3). Suppose -v - 298 = -x*v + 3*z, -5*z = -4*v + 228. Calculate the remainder when v is divided by 21.
20
Suppose -3*f + 5*v = 5, 0 = v - 1 - 3. What is the remainder when 13 is divided by f?
3
Let h(a) = a**2 - 10*a + 2. Let m be h(10). Suppose 90 = 4*b - m. What is the remainder w